?
4
Let b(q) be the first derivative of 6*q**3 - 2*q - 2. Let d be (-8*(-2)/(-20))/(16/(-40)). What is the units digit of b(d)?
0
Suppose 0 = -4*j + f + 7 + 1, -f - 3 = j. Let o(m) = 0 + 23*m**3 + 0. What is the units digit of o(j)?
3
Let v be 320/(-8) + 4 + -1. Let f = v - -54. Suppose -l + 12 = -f. What is the tens digit of l?
2
Suppose -3*p = -0*p + 4*w + 5, -1 = 3*p + 2*w. What is the tens digit of p*19 - (12/4 - -1)?
1
Suppose 4*t = 4*d + 16, 2*d + 4 = 5*d + t. What is the tens digit of 96 - (-22)/33*(d - -3)?
9
Suppose -16*c - 1453 + 541 = 0. Let l = c - -342. What is the hundreds digit of l?
2
Suppose -20 = -2*d + 4. Let p = 42 - d. Suppose 0 = -u - u + p. What is the tens digit of u?
1
Suppose 2963 + 4117 = 5*o. What is the hundreds digit of o?
4
Suppose 0 = 2*o - 7 - 1. What is the units digit of o - (-35 - (-10)/(-5))?
1
Let j be 2/13 - 48/(-26). Suppose i = 3*f - 16, 2*i + 2*i = j*f - 24. Suppose 0 = f*a + a - 135. What is the units digit of a?
7
Suppose 0 = -5*m + 2469 - 774. Suppose p - 2*o - 215 = 0, 4*p - 514 = o + m. What is the units digit of p?
3
Suppose 3*i = 3*y + 4 + 2, 0 = -2*y + 4*i - 12. Suppose 3*m + 2*u - 246 = -0*m, 2*m - 164 = -y*u. What is the tens digit of m?
8
Suppose -2*f - l - 16 - 30 = 0, 5*f + 117 = -2*l. Let h = f + 145. What is the units digit of h?
0
Suppose 11*p = 3*p + 6304. What is the tens digit of p?
8
Let x be (12 - -8)/(2/4). Let v = x - -38. What is the tens digit of v?
7
Let z(v) = v**3 - 2*v**2 + 2*v - 5. Let i be -6*(-1 - 2/(-6)). Let y be z(i). Suppose 2*p = -7 + y. What is the tens digit of p?
1
Let b = -1558 + 2340. What is the units digit of b?
2
Let q(v) = -v**2 + 8*v + 1. Let w be q(6). Let d = 16 - w. Suppose -y + d*y = 48. What is the tens digit of y?
2
Let l = -3224 + 5540. What is the units digit of l?
6
Let c be 16/(-8)*7/(-2). Suppose 0 = -c*b - 16 + 814. What is the hundreds digit of b?
1
Let v = -30 - -41. Suppose 38 = g + v. What is the tens digit of g?
2
Suppose -28*v - 11466 = -41*v. What is the hundreds digit of v?
8
Let s = 13 + -10. Let q be s/(-5) + (-46)/(-10). Suppose q*z - 4*f - 108 = 0, -z + 2*f + 26 = -4. What is the tens digit of z?
2
Let f(o) = o**3 - o**2 - o + 136. Let g be f(0). Suppose -125 = -3*r + g. What is the tens digit of r?
8
Let v = 862 - 490. What is the units digit of v?
2
Let q = 1851 + -1549. What is the hundreds digit of q?
3
What is the units digit of 0 - (0 - 1)*40?
0
Let j be 1 - -1 - 0*(-8)/32. Let x(q) = -q + 7. Let v be x(5). Suppose v*a = -j*a + 140. What is the tens digit of a?
3
Let r be ((-36)/2)/(10/(-5)). What is the units digit of -1 + 1 - (-27 - r)?
6
Let f(i) = 4*i + 77. What is the units digit of f(0)?
7
Let h(k) = k + 17. Suppose 3*a - 5*q + q = -37, 0 = -5*a - 3*q - 23. What is the units digit of h(a)?
0
Let m(h) = -h**3 - 8*h**2 + 4*h + 12. Let l be m(-8). What is the units digit of (-1 + l/(-15))*135?
5
Let c(g) be the third derivative of -g**6/120 - 11*g**5/30 + 13*g**4/24 + 8*g**3/3 + 7*g**2 + 2. What is the tens digit of c(-23)?
4
Let o(y) be the first derivative of y**2/2 + 6*y + 10. Let v = 7 + 0. What is the units digit of o(v)?
3
Let t = -37 + 39. Suppose -i = -4*n + 397, i + 485 = 5*n + t*i. What is the units digit of n?
8
Suppose -4923 + 835 = -4*x - 4*a, 3*a = 5*x - 5134. What is the units digit of x?
5
Let g(r) = r**3 - 5*r**2 + r + 5. What is the units digit of g(6)?
7
Suppose -n + 37 = 31. Suppose 16*d - n*d - 1180 = 0. What is the tens digit of d?
1
Suppose -5*l = i - 606, 8 = 4*l - 0. What is the units digit of i?
6
Suppose -2*i + 2221 = 2*i + 5*j, -j + 1115 = 2*i. What is the units digit of i?
9
Suppose -2*k = -5*i + 129, 3*k = -0*i - i - 151. What is the units digit of k/(1/6*-3)?
4
Let x(j) = j + 21. Suppose 0*i - 4*i = -f - 168, -2*f = -3*i + 121. Suppose -5*d - 7 = i. What is the units digit of x(d)?
1
Let k(z) = 20*z - 43. What is the units digit of k(12)?
7
Suppose -p - 5*a + 390 = 0, 2*a = -4*p + a + 1560. What is the tens digit of ((-1)/3)/(((-55)/p)/11)?
2
Let c = 1145 - 415. What is the tens digit of c?
3
Let y(z) = -179*z - 26. What is the units digit of y(-4)?
0
Let q = 18 - 18. Let v(j) = j**2 + j + 352. Let f be v(q). Suppose -f = -5*s + 13. What is the tens digit of s?
7
Suppose -58*g + 24124 = -21*g. What is the hundreds digit of g?
6
Let p(j) = -j - 6. Let y be p(-2). Let b(h) = -2*h**3 + 3*h**2 + 6*h + 4. What is the tens digit of b(y)?
5
What is the units digit of 1/(-3) + (-9650)/(-15)?
3
Let n(f) be the second derivative of 0 - 5*f**2 - 7*f + 1/2*f**3. What is the units digit of n(7)?
1
Suppose 0 = 5*l - 4*t - 4967 - 4483, 5*l + 4*t - 9490 = 0. What is the units digit of l?
4
Let j(p) = 2*p**2 - 7*p + 1. Let r be j(4). Suppose -w + 2*n = -27, -r*w + 2*n + 107 = 6*n. Let t = 20 + w. What is the units digit of t?
3
Let t = 64 + -44. Suppose -3*p + 69 = -3*k, -3*p - k - t = -69. What is the units digit of p?
8
What is the units digit of 3*(-4 + (-161)/(-3))?
9
Let v = 2203 - 1330. What is the tens digit of v?
7
Let q(p) = -p**3 - 9*p**2 + p + 13. Let w be q(-9). Suppose 31 = w*n - n - 4*v, -24 = -2*n + v. What is the units digit of n?
3
What is the hundreds digit of 95648/140 + (-1)/5?
6
Suppose 0*s = -2*s, 5*z - 4*s = 750. What is the units digit of z?
0
Let l(m) = 9*m + 80. What is the tens digit of l(3)?
0
Suppose -5 + 14 = 3*p. Suppose 0 = 4*r + v - 299, -v - 373 = -5*r - p*v. What is the tens digit of r?
7
What is the tens digit of ((-34)/102)/((-2)/17394)?
9
Let t be 3 - (0 + 0 + -42). What is the units digit of -1 - 1 - (-2)/(6/t)?
3
Let c(o) = -o**2 - 5*o + 26. Let b be c(10). Let t = 234 + b. What is the tens digit of t?
1
Let r = 1675 - 1183. What is the units digit of r?
2
Suppose 0 = -15*n + 6*n + 10953. What is the thousands digit of n?
1
Suppose p = -5*p - 504. Let u = -7 - p. What is the tens digit of u?
7
Let x(o) = 6*o**2 - 3*o + 870. What is the tens digit of x(0)?
7
Let n = -117 + 399. What is the tens digit of n?
8
Let u(j) = j**3 - 5*j**2 + 6*j - 2. Let g = 5 - 1. What is the units digit of u(g)?
6
Suppose -4*z = -3 - 13. Let r be -1 + (-2)/(z/(-6)). Suppose g - l = 30, -r*g - l - 84 = -5*g. What is the units digit of g?
7
Let w = -556 - -1957. What is the hundreds digit of w?
4
Let j(a) = a**3 - 3*a**2 + 4. Let g be j(3). Let r(o) = 1 - 5*o + 0 - g - 2. What is the tens digit of r(-4)?
1
Let k be (2 - 2)/(-1 + 3). Suppose 3 = m - q, k = 5*m - 3*m - 4*q - 8. Suppose 6 = -0*p + m*p. What is the units digit of p?
3
Suppose 6*i - m = 32587, 2*i - 4*m - 6183 - 4661 = 0. What is the hundreds digit of i?
4
Let q(h) = -h**3 - 4*h**2 - 2*h + 5. Let u be q(-4). What is the hundreds digit of 3 + u/(78/1188)?
2
Suppose 28 = -7*m + 49. What is the units digit of m?
3
What is the tens digit of (-2 + 0)*(-27)/(-18) + 791?
8
Suppose -6*x - x + 1862 = 0. What is the units digit of x/8 - (-12)/16?
4
Let d = 3961 + -1871. What is the thousands digit of d?
2
Let h(w) = 7*w**2 - 5*w + 3. Let n be h(5). Let k = n - 86. Suppose a - k + 9 = 0. What is the tens digit of a?
5
Let m = 4816 - 3219. What is the hundreds digit of m?
5
Let d(o) = 74*o - 26. Let j be d(4). Suppose 3*z = 6*z - j. What is the tens digit of z?
9
Let q(i) = -i**3 + 6*i**2 + 7*i + 3. Let h be 8/36 - (-122)/18. What is the units digit of q(h)?
3
Suppose -2*f - 1 = 4*n - 13, 5*n - 9 = -f. What is the hundreds digit of (f/2)/(-2)*(22 + -211)?
1
What is the units digit of ((-1082)/4)/(7/(-14))?
1
Let h(d) = 2*d**2 - 2*d - 32. Let q be h(-4). What is the units digit of 177 + (0 - 2) + (q - 5)?
8
What is the tens digit of (-6406)/(-9) - 18/(-81)?
1
Let n(w) = w**3 - 27*w**2 - 67*w + 18. What is the units digit of n(30)?
8
Suppose 14 = 2*l + 2. Suppose -l*r = -2*r - 8. Let k = r - -28. What is the tens digit of k?
3
Let y be (-6)/(-21) - (-267)/21. Suppose -3*m = -0 - 6. Suppose h + y = m*h. What is the tens digit of h?
1
Suppose v = n - 3*n + 1830, -2*v - 1836 = -2*n. What is the units digit of n?
6
What is the units digit of 8 + (0 - 3090)/(-5)?
6
Let y(l) = -3*l + 14. Let u be y(4). What is the units digit of 79*u*3/(-24)*-4?
9
Suppose 0 = 4*m + u + 12, -18 = -m - 5*u - 2. What is the tens digit of (-630)/75*10/m?
2
Let u = 824 - 198. What is the units digit of u?
6
Let k(y) = y**2 - 27 + 28 + 53 - y. Let b be k(0). Suppose b = 